{"id":743,"date":"2023-12-14T12:09:49","date_gmt":"2023-12-14T12:09:49","guid":{"rendered":"http:\/\/www.bymishphotography.com\/?page_id=743"},"modified":"2024-01-22T14:47:22","modified_gmt":"2024-01-22T14:47:22","slug":"declaracion-de-accesibilidad","status":"publish","type":"page","link":"https:\/\/www.bymishphotography.com\/es\/declaracion-de-accesibilidad\/","title":{"rendered":"Declaraci\u00f3n de Accesibilidad"},"content":{"rendered":"<p>La presente declaraci\u00f3n de accesibilidad se aplica al sitio web <a href=\"https:\/\/www.bymishphotography.com\/\">https:\/\/www.bymishphotography.com\/<\/a><\/p>\n<p><strong>Situaci\u00f3n de cumplimiento<\/strong><\/p>\n<p>Este sitio web es\u00a0<strong>parcialmente conforme<\/strong>\u00a0con el Real Decreto 1112\/2018, de 7 de septiembre, debido a la falta de conformidad de los aspectos que se indican a continuaci\u00f3n.<\/p>\n<p><strong>Contenido no accesible<\/strong><\/p>\n<p>El contenido que se recoge a continuaci\u00f3n no es accesible por lo siguiente:<\/p>\n<ol>\n<li><strong>Falta de conformidad con el Real Decreto 1112\/2018, de 7 de septiembre<\/strong>: podr\u00edan existir fallos puntuales de edici\u00f3n en alguna p\u00e1gina web, tanto en contenidos HTML como en documentos finales, publicados en fecha posterior al 2 de octubre de 2022 (fecha de entrada en vigor del Real Decreto 1112\/2018, de 7 de septiembre). Concretamente puede haber errores en aquellos documentos que contienen gr\u00e1ficos, tablas complejas o en aquellos firmados electr\u00f3nicamente antes de su revisi\u00f3n de accesibilidad.<\/li>\n<li><strong>Carga desproporcionada<\/strong>: no aplica.<\/li>\n<li>El contenido\u00a0<strong>no entra dentro del \u00e1mbito de la legislaci\u00f3n\u00a0<\/strong>aplicable: Existen archivos ofim\u00e1ticos en PDF u otros formatos publicados antes del 20 de septiembre de 2018 que no cumplen en su totalidad todos los requisitos de accesibilidad; tambi\u00e9n pueden estar en esa situaci\u00f3n contenidos de terceros no financiados, ni desarrollados, ni bajo el control de este Ministerio.<\/li>\n<\/ol>\n<p><strong>Preparaci\u00f3n de la presente declaraci\u00f3n de accesibilidad<\/strong><\/p>\n<p>La presente declaraci\u00f3n fue preparada el 12 de diciembre de 2023.<\/p>\n<p>El m\u00e9todo empleado para preparar la declaraci\u00f3n ha sido una autoevaluaci\u00f3n llevada a cabo por el propio organismo.<\/p>\n<p>\u00daltima revisi\u00f3n de la declaraci\u00f3n: 12 de diciembre de 2023.<\/p>\n<p><strong>Observaciones y datos de contacto<\/strong><\/p>\n<p>Puede realizar comunicaciones sobre requisitos de accesibilidad (art\u00edculo 10.2.a) del Real Decreto 1112\/2018, de 7 de septiembre) como, por ejemplo:<\/p>\n<ul>\n<li>Informar sobre cualquier posible incumplimiento por parte de este sitio web.<\/li>\n<li>Transmitir otras dificultades de acceso al contenido.<\/li>\n<li>Formular cualquier otra consulta o sugerencia de mejora relativa a la accesibilidad del sitio web.<\/li>\n<\/ul>\n<p>A trav\u00e9s de las siguientes v\u00edas:<\/p>\n<ul>\n<li>Correo electr\u00f3nico: mischehamilton@gmail.com<\/li>\n<li>Tel\u00e9fono: (+34) 693 94 07 03<\/li>\n<\/ul>\n<p>Las comunicaciones ser\u00e1n recibidas y tratadas por la Subdirecci\u00f3n General de Servicios Web, Transparencia y Protecci\u00f3n de Datos (Secretar\u00eda General T\u00e9cnica), como unidad responsable de los contenidos de este sitio web.<\/p>\n<p>Tambi\u00e9n puede solicitar en formato accesible informaci\u00f3n que no cumpla con los requisitos de accesibilidad bien por estar excluida, bien por estar exenta por carga desproporcionada; o formular una queja por incumplimiento de los requisitos de accesibilidad.<\/p>\n","protected":false},"excerpt":{"rendered":"<p>La presente declaraci\u00f3n de accesibilidad se aplica al sitio web https:\/\/www.bymishphotography.com\/ Situaci\u00f3n de cumplimiento Este sitio web es\u00a0parcialmente conforme\u00a0con el Real Decreto 1112\/2018, de 7 de septiembre, debido a la falta de conformidad de los aspectos que se indican a continuaci\u00f3n. Contenido no accesible El contenido que se recoge a continuaci\u00f3n no es accesible por [&hellip;]<\/p>\n","protected":false},"author":1,"featured_media":0,"parent":0,"menu_order":0,"comment_status":"closed","ping_status":"closed","template":"","meta":{"footnotes":""},"class_list":["post-743","page","type-page","status-publish","hentry"],"yoast_head":"<!-- This site is optimized with the Yoast SEO plugin v27.5 - https:\/\/yoast.com\/product\/yoast-seo-wordpress\/ -->\n<title>Declaraci\u00f3n de Accesibilidad - Mische Fotograf&iacute;a<\/title>\n<meta name=\"robots\" content=\"noindex, nofollow\" \/>\n<meta property=\"og:locale\" content=\"es_ES\" \/>\n<meta property=\"og:type\" content=\"article\" \/>\n<meta property=\"og:title\" content=\"Declaraci\u00f3n de Accesibilidad - Mische Fotograf&iacute;a\" \/>\n<meta property=\"og:description\" content=\"La presente declaraci\u00f3n de accesibilidad se aplica al sitio web https:\/\/www.bymishphotography.com\/ Situaci\u00f3n de cumplimiento Este sitio web es\u00a0parcialmente conforme\u00a0con el Real Decreto 1112\/2018, de 7 de septiembre, debido a la falta de conformidad de los aspectos que se indican a continuaci\u00f3n. Contenido no accesible El contenido que se recoge a continuaci\u00f3n no es accesible por [&hellip;]\" \/>\n<meta property=\"og:url\" content=\"https:\/\/www.bymishphotography.com\/es\/declaracion-de-accesibilidad\/\" \/>\n<meta property=\"og:site_name\" content=\"Mische Fotograf&iacute;a\" \/>\n<meta property=\"article:modified_time\" content=\"2024-01-22T14:47:22+00:00\" \/>\n<meta name=\"twitter:card\" content=\"summary_large_image\" \/>\n<meta name=\"twitter:label1\" content=\"Tiempo de lectura\" \/>\n\t<meta name=\"twitter:data1\" content=\"2 minutos\" \/>\n<script type=\"application\/ld+json\" class=\"yoast-schema-graph\">{\"@context\":\"https:\\\/\\\/schema.org\",\"@graph\":[{\"@type\":\"WebPage\",\"@id\":\"https:\\\/\\\/www.bymishphotography.com\\\/es\\\/declaracion-de-accesibilidad\\\/\",\"url\":\"https:\\\/\\\/www.bymishphotography.com\\\/es\\\/declaracion-de-accesibilidad\\\/\",\"name\":\"Declaraci\u00f3n de Accesibilidad - Mische Fotograf&iacute;a\",\"isPartOf\":{\"@id\":\"https:\\\/\\\/www.bymishphotography.com\\\/es\\\/#website\"},\"datePublished\":\"2023-12-14T12:09:49+00:00\",\"dateModified\":\"2024-01-22T14:47:22+00:00\",\"breadcrumb\":{\"@id\":\"https:\\\/\\\/www.bymishphotography.com\\\/es\\\/declaracion-de-accesibilidad\\\/#breadcrumb\"},\"inLanguage\":\"es\",\"potentialAction\":[{\"@type\":\"ReadAction\",\"target\":[\"https:\\\/\\\/www.bymishphotography.com\\\/es\\\/declaracion-de-accesibilidad\\\/\"]}]},{\"@type\":\"BreadcrumbList\",\"@id\":\"https:\\\/\\\/www.bymishphotography.com\\\/es\\\/declaracion-de-accesibilidad\\\/#breadcrumb\",\"itemListElement\":[{\"@type\":\"ListItem\",\"position\":1,\"name\":\"Portada\",\"item\":\"https:\\\/\\\/www.bymishphotography.com\\\/es\\\/\"},{\"@type\":\"ListItem\",\"position\":2,\"name\":\"Declaraci\u00f3n de Accesibilidad\"}]},{\"@type\":\"WebSite\",\"@id\":\"https:\\\/\\\/www.bymishphotography.com\\\/es\\\/#website\",\"url\":\"https:\\\/\\\/www.bymishphotography.com\\\/es\\\/\",\"name\":\"Mische Fotograf\u00eda\",\"description\":\"Mische Fotograf&iacute;a Barcelona\",\"publisher\":{\"@id\":\"https:\\\/\\\/www.bymishphotography.com\\\/es\\\/#organization\"},\"potentialAction\":[{\"@type\":\"SearchAction\",\"target\":{\"@type\":\"EntryPoint\",\"urlTemplate\":\"https:\\\/\\\/www.bymishphotography.com\\\/es\\\/?s={search_term_string}\"},\"query-input\":{\"@type\":\"PropertyValueSpecification\",\"valueRequired\":true,\"valueName\":\"search_term_string\"}}],\"inLanguage\":\"es\"},{\"@type\":\"Organization\",\"@id\":\"https:\\\/\\\/www.bymishphotography.com\\\/es\\\/#organization\",\"name\":\"Mische Fotograf\u00eda\",\"url\":\"https:\\\/\\\/www.bymishphotography.com\\\/es\\\/\",\"logo\":{\"@type\":\"ImageObject\",\"inLanguage\":\"es\",\"@id\":\"https:\\\/\\\/www.bymishphotography.com\\\/es\\\/#\\\/schema\\\/logo\\\/image\\\/\",\"url\":\"https:\\\/\\\/www.bymishphotography.com\\\/wp-content\\\/uploads\\\/2023\\\/11\\\/finalimageOnly-1.png\",\"contentUrl\":\"https:\\\/\\\/www.bymishphotography.com\\\/wp-content\\\/uploads\\\/2023\\\/11\\\/finalimageOnly-1.png\",\"width\":71,\"height\":65,\"caption\":\"Mische Fotograf\u00eda\"},\"image\":{\"@id\":\"https:\\\/\\\/www.bymishphotography.com\\\/es\\\/#\\\/schema\\\/logo\\\/image\\\/\"}}]}<\/script>\n<!-- \/ Yoast SEO plugin. -->","yoast_head_json":{"title":"Declaraci\u00f3n de Accesibilidad - Mische Fotograf&iacute;a","robots":{"index":"noindex","follow":"nofollow"},"og_locale":"es_ES","og_type":"article","og_title":"Declaraci\u00f3n de Accesibilidad - Mische Fotograf&iacute;a","og_description":"La presente declaraci\u00f3n de accesibilidad se aplica al sitio web https:\/\/www.bymishphotography.com\/ Situaci\u00f3n de cumplimiento Este sitio web es\u00a0parcialmente conforme\u00a0con el Real Decreto 1112\/2018, de 7 de septiembre, debido a la falta de conformidad de los aspectos que se indican a continuaci\u00f3n. Contenido no accesible El contenido que se recoge a continuaci\u00f3n no es accesible por [&hellip;]","og_url":"https:\/\/www.bymishphotography.com\/es\/declaracion-de-accesibilidad\/","og_site_name":"Mische Fotograf&iacute;a","article_modified_time":"2024-01-22T14:47:22+00:00","twitter_card":"summary_large_image","twitter_misc":{"Tiempo de lectura":"2 minutos"},"schema":{"@context":"https:\/\/schema.org","@graph":[{"@type":"WebPage","@id":"https:\/\/www.bymishphotography.com\/es\/declaracion-de-accesibilidad\/","url":"https:\/\/www.bymishphotography.com\/es\/declaracion-de-accesibilidad\/","name":"Declaraci\u00f3n de Accesibilidad - Mische Fotograf&iacute;a","isPartOf":{"@id":"https:\/\/www.bymishphotography.com\/es\/#website"},"datePublished":"2023-12-14T12:09:49+00:00","dateModified":"2024-01-22T14:47:22+00:00","breadcrumb":{"@id":"https:\/\/www.bymishphotography.com\/es\/declaracion-de-accesibilidad\/#breadcrumb"},"inLanguage":"es","potentialAction":[{"@type":"ReadAction","target":["https:\/\/www.bymishphotography.com\/es\/declaracion-de-accesibilidad\/"]}]},{"@type":"BreadcrumbList","@id":"https:\/\/www.bymishphotography.com\/es\/declaracion-de-accesibilidad\/#breadcrumb","itemListElement":[{"@type":"ListItem","position":1,"name":"Portada","item":"https:\/\/www.bymishphotography.com\/es\/"},{"@type":"ListItem","position":2,"name":"Declaraci\u00f3n de Accesibilidad"}]},{"@type":"WebSite","@id":"https:\/\/www.bymishphotography.com\/es\/#website","url":"https:\/\/www.bymishphotography.com\/es\/","name":"Mische Fotograf\u00eda","description":"Mische Fotograf&iacute;a Barcelona","publisher":{"@id":"https:\/\/www.bymishphotography.com\/es\/#organization"},"potentialAction":[{"@type":"SearchAction","target":{"@type":"EntryPoint","urlTemplate":"https:\/\/www.bymishphotography.com\/es\/?s={search_term_string}"},"query-input":{"@type":"PropertyValueSpecification","valueRequired":true,"valueName":"search_term_string"}}],"inLanguage":"es"},{"@type":"Organization","@id":"https:\/\/www.bymishphotography.com\/es\/#organization","name":"Mische Fotograf\u00eda","url":"https:\/\/www.bymishphotography.com\/es\/","logo":{"@type":"ImageObject","inLanguage":"es","@id":"https:\/\/www.bymishphotography.com\/es\/#\/schema\/logo\/image\/","url":"https:\/\/www.bymishphotography.com\/wp-content\/uploads\/2023\/11\/finalimageOnly-1.png","contentUrl":"https:\/\/www.bymishphotography.com\/wp-content\/uploads\/2023\/11\/finalimageOnly-1.png","width":71,"height":65,"caption":"Mische Fotograf\u00eda"},"image":{"@id":"https:\/\/www.bymishphotography.com\/es\/#\/schema\/logo\/image\/"}}]}},"_links":{"self":[{"href":"https:\/\/www.bymishphotography.com\/es\/wp-json\/wp\/v2\/pages\/743","targetHints":{"allow":["GET"]}}],"collection":[{"href":"https:\/\/www.bymishphotography.com\/es\/wp-json\/wp\/v2\/pages"}],"about":[{"href":"https:\/\/www.bymishphotography.com\/es\/wp-json\/wp\/v2\/types\/page"}],"author":[{"embeddable":true,"href":"https:\/\/www.bymishphotography.com\/es\/wp-json\/wp\/v2\/users\/1"}],"replies":[{"embeddable":true,"href":"https:\/\/www.bymishphotography.com\/es\/wp-json\/wp\/v2\/comments?post=743"}],"version-history":[{"count":4,"href":"https:\/\/www.bymishphotography.com\/es\/wp-json\/wp\/v2\/pages\/743\/revisions"}],"predecessor-version":[{"id":957,"href":"https:\/\/www.bymishphotography.com\/es\/wp-json\/wp\/v2\/pages\/743\/revisions\/957"}],"wp:attachment":[{"href":"https:\/\/www.bymishphotography.com\/es\/wp-json\/wp\/v2\/media?parent=743"}],"curies":[{"name":"wp","href":"https:\/\/api.w.org\/{rel}","templated":true}]}}

Declaración de Accesibilidad

<p>La presente declaración de accesibilidad se aplica al sitio web <a href="https://www.bymishphotography.com/">https://www.bymishphotography.com/</a></p>
<p><strong>Situación de cumplimiento</strong></p>
<p>Este sitio web es <strong>parcialmente conforme</strong> con el Real Decreto 1112/2018, de 7 de septiembre, debido a la falta de conformidad de los aspectos que se indican a continuación.</p>
<p><strong>Contenido no accesible</strong></p>
<p>El contenido que se recoge a continuación no es accesible por lo siguiente:</p>
<ol>
<li><strong>Falta de conformidad con el Real Decreto 1112/2018, de 7 de septiembre</strong>: podrían existir fallos puntuales de edición en alguna página web, tanto en contenidos HTML como en documentos finales, publicados en fecha posterior al 2 de octubre de 2022 (fecha de entrada en vigor del Real Decreto 1112/2018, de 7 de septiembre). Concretamente puede haber errores en aquellos documentos que contienen gráficos, tablas complejas o en aquellos firmados electrónicamente antes de su revisión de accesibilidad.</li>
<li><strong>Carga desproporcionada</strong>: no aplica.</li>
<li>El contenido <strong>no entra dentro del ámbito de la legislación </strong>aplicable: Existen archivos ofimáticos en PDF u otros formatos publicados antes del 20 de septiembre de 2018 que no cumplen en su totalidad todos los requisitos de accesibilidad; también pueden estar en esa situación contenidos de terceros no financiados, ni desarrollados, ni bajo el control de este Ministerio.</li>
</ol>
<p><strong>Preparación de la presente declaración de accesibilidad</strong></p>
<p>La presente declaración fue preparada el 12 de diciembre de 2023.</p>
<p>El método empleado para preparar la declaración ha sido una autoevaluación llevada a cabo por el propio organismo.</p>
<p>Última revisión de la declaración: 12 de diciembre de 2023.</p>
<p><strong>Observaciones y datos de contacto</strong></p>
<p>Puede realizar comunicaciones sobre requisitos de accesibilidad (artículo 10.2.a) del Real Decreto 1112/2018, de 7 de septiembre) como, por ejemplo:</p>
<ul>
<li>Informar sobre cualquier posible incumplimiento por parte de este sitio web.</li>
<li>Transmitir otras dificultades de acceso al contenido.</li>
<li>Formular cualquier otra consulta o sugerencia de mejora relativa a la accesibilidad del sitio web.</li>
</ul>
<p>A través de las siguientes vías:</p>
<ul>
<li>Correo electrónico: mischehamilton@gmail.com</li>
<li>Teléfono: (+34) 693 94 07 03</li>
</ul>
<p>Las comunicaciones serán recibidas y tratadas por la Subdirección General de Servicios Web, Transparencia y Protección de Datos (Secretaría General Técnica), como unidad responsable de los contenidos de este sitio web.</p>
<p>También puede solicitar en formato accesible información que no cumpla con los requisitos de accesibilidad bien por estar excluida, bien por estar exenta por carga desproporcionada; o formular una queja por incumplimiento de los requisitos de accesibilidad.</p>

<p>La presente declaración de accesibilidad se aplica al sitio web https://www.bymishphotography.com/ Situación de cumplimiento Este sitio web es parcialmente conforme con el Real Decreto 1112/2018, de 7 de septiembre, debido a la falta de conformidad de los aspectos que se indican a continuación. Contenido no accesible El contenido que se recoge a continuación no es accesible por [&hellip;]</p>

<!-- This site is optimized with the Yoast SEO plugin v27.5 - https://yoast.com/product/yoast-seo-wordpress/ -->
<title>Declaración de Accesibilidad - Mische Fotograf&iacute;a</title>
<meta name="robots" content="noindex, nofollow" />
<meta property="og:locale" content="es_ES" />
<meta property="og:type" content="article" />
<meta property="og:title" content="Declaración de Accesibilidad - Mische Fotograf&iacute;a" />
<meta property="og:description" content="La presente declaración de accesibilidad se aplica al sitio web https://www.bymishphotography.com/ Situación de cumplimiento Este sitio web es parcialmente conforme con el Real Decreto 1112/2018, de 7 de septiembre, debido a la falta de conformidad de los aspectos que se indican a continuación. Contenido no accesible El contenido que se recoge a continuación no es accesible por [&hellip;]" />
<meta property="og:url" content="https://www.bymishphotography.com/es/declaracion-de-accesibilidad/" />
<meta property="og:site_name" content="Mische Fotograf&iacute;a" />
<meta property="article:modified_time" content="2024-01-22T14:47:22+00:00" />
<meta name="twitter:card" content="summary_large_image" />
<meta name="twitter:label1" content="Tiempo de lectura" />
	<meta name="twitter:data1" content="2 minutos" />
<script type="application/ld+json" class="yoast-schema-graph">{"@context":"https:\/\/schema.org","@graph":[{"@type":"WebPage","@id":"https:\/\/www.bymishphotography.com\/es\/declaracion-de-accesibilidad\/","url":"https:\/\/www.bymishphotography.com\/es\/declaracion-de-accesibilidad\/","name":"Declaración de Accesibilidad - Mische Fotograf&iacute;a","isPartOf":{"@id":"https:\/\/www.bymishphotography.com\/es\/#website"},"datePublished":"2023-12-14T12:09:49+00:00","dateModified":"2024-01-22T14:47:22+00:00","breadcrumb":{"@id":"https:\/\/www.bymishphotography.com\/es\/declaracion-de-accesibilidad\/#breadcrumb"},"inLanguage":"es","potentialAction":[{"@type":"ReadAction","target":["https:\/\/www.bymishphotography.com\/es\/declaracion-de-accesibilidad\/"]}]},{"@type":"BreadcrumbList","@id":"https:\/\/www.bymishphotography.com\/es\/declaracion-de-accesibilidad\/#breadcrumb","itemListElement":[{"@type":"ListItem","position":1,"name":"Portada","item":"https:\/\/www.bymishphotography.com\/es\/"},{"@type":"ListItem","position":2,"name":"Declaración de Accesibilidad"}]},{"@type":"WebSite","@id":"https:\/\/www.bymishphotography.com\/es\/#website","url":"https:\/\/www.bymishphotography.com\/es\/","name":"Mische Fotografía","description":"Mische Fotograf&iacute;a Barcelona","publisher":{"@id":"https:\/\/www.bymishphotography.com\/es\/#organization"},"potentialAction":[{"@type":"SearchAction","target":{"@type":"EntryPoint","urlTemplate":"https:\/\/www.bymishphotography.com\/es\/?s={search_term_string}"},"query-input":{"@type":"PropertyValueSpecification","valueRequired":true,"valueName":"search_term_string"}}],"inLanguage":"es"},{"@type":"Organization","@id":"https:\/\/www.bymishphotography.com\/es\/#organization","name":"Mische Fotografía","url":"https:\/\/www.bymishphotography.com\/es\/","logo":{"@type":"ImageObject","inLanguage":"es","@id":"https:\/\/www.bymishphotography.com\/es\/#\/schema\/logo\/image\/","url":"https:\/\/www.bymishphotography.com\/wp-content\/uploads\/2023\/11\/finalimageOnly-1.png","contentUrl":"https:\/\/www.bymishphotography.com\/wp-content\/uploads\/2023\/11\/finalimageOnly-1.png","width":71,"height":65,"caption":"Mische Fotografía"},"image":{"@id":"https:\/\/www.bymishphotography.com\/es\/#\/schema\/logo\/image\/"}}]}</script>
<!-- / Yoast SEO plugin. -->

Declaración de Accesibilidad - Mische Fotograf&iacute;a

La presente declaración de accesibilidad se aplica al sitio web https://www.bymishphotography.com/ Situación de cumplimiento Este sitio web es parcialmente conforme con el Real Decreto 1112/2018, de 7 de septiembre, debido a la falta de conformidad de los aspectos que se indican a continuación. Contenido no accesible El contenido que se recoge a continuación no es accesible por [&hellip;]

Mische Fotografía
